{"id":41874,"date":"2025-01-14T01:13:29","date_gmt":"2025-01-14T00:13:29","guid":{"rendered":"https:\/\/www.kalorus.com\/prodotto\/insert-bois-avec-four-it-180-h-13-5-kw\/"},"modified":"2025-01-18T00:26:40","modified_gmt":"2025-01-17T23:26:40","slug":"insert-bois-avec-four-it-180-h-13-5-kw","status":"publish","type":"product","link":"https:\/\/www.kalorus.com\/fr\/prodotto\/insert-bois-avec-four-it-180-h-13-5-kw\/","title":{"rendered":"Insert \u00e0 bois avec four IT-180-H 13,5 kW &#8211; FM Calefacci\u00f3n"},"content":{"rendered":"<ul>\n<li>Puissance thermique : 13,50 kW<\/li>\n<li>Rendement : 73,5%<\/li>\n<li>&Eacute;missions de CO : 0,30%<\/li>\n<li>Consommation : 4,5 kg\/h<\/li>\n<li>Chambre de combustion interne en vermiculite<\/li>\n<li>Tiroir &agrave; cendres amovible<\/li>\n<li>Structure en acier de 4 mm<\/li>\n<li>Peinture r&eacute;sistante &agrave; la chaleur : 800&ordm;C<\/li>\n<li>Verre c&eacute;ramique : 750&ordm;C<\/li>\n<li>Sortie de fum&eacute;es sup&eacute;rieure : &Oslash; 200 mm<\/li>\n<li>R&eacute;glage de l&#8217;air primaire<\/li>\n<li>R&eacute;glage de l&#8217;air secondaire<\/li>\n<li>Syst&egrave;me Crystal-Clean<\/li>\n<li>Syst&egrave;me &agrave; double combustion<\/li>\n<li>D&eacute;flecteur interne amovible<\/li>\n<li>Canalisations : 2 x &Oslash; 120 mm<\/li>\n<li>Deux ventilateurs axiaux 160 m3\/h<\/li>\n<li>Dimensions de la chambre de combustion : 660 x 330 mm<\/li>\n<li>Profondeur de la chambre de combustion : 400 mm<\/li>\n<li>Dimensions : 893 x 722 x 450 mm<\/li>\n<li>Volume de chauffage : 338 m3<\/li>\n<li>Poids : 150 kg<\/li>\n<\/ul>\n","protected":false},"excerpt":{"rendered":"<p>Insert \u00e0 bois avec four int\u00e9gr\u00e9. Int\u00e9rieur en vermiculite avec verre c\u00e9ramique r\u00e9sistant \u00e0 650\u00b0. Le four est con\u00e7u pour la pr\u00e9paration des aliments au niveau domestique.<\/p>\n","protected":false},"featured_media":25422,"template":"","meta":{"_acf_changed":false},"product_brand":[],"product_cat":[1672,2371],"product_tag":[2467],"class_list":{"0":"post-41874","1":"product","2":"type-product","3":"status-publish","4":"has-post-thumbnail","6":"product_cat-fm-calefaccion","7":"product_cat-inserts-au-bois","8":"product_tag-inserts-au-bois-fm-calefaccion","9":"product_shipping_class-inserti-a-legna-2-2","10":"sales-flash-overlay","11":"woocommerce-text-align-center","12":"woocommerce-image-align-center","13":"do-quantity-buttons","15":"first","16":"instock","17":"taxable","18":"shipping-taxable","19":"purchasable","20":"product-type-simple"},"acf":[],"_links":{"self":[{"href":"https:\/\/www.kalorus.com\/fr\/wp-json\/wp\/v2\/product\/41874","targetHints":{"allow":["GET"]}}],"collection":[{"href":"https:\/\/www.kalorus.com\/fr\/wp-json\/wp\/v2\/product"}],"about":[{"href":"https:\/\/www.kalorus.com\/fr\/wp-json\/wp\/v2\/types\/product"}],"wp:featuredmedia":[{"embeddable":true,"href":"https:\/\/www.kalorus.com\/fr\/wp-json\/wp\/v2\/media\/25422"}],"wp:attachment":[{"href":"https:\/\/www.kalorus.com\/fr\/wp-json\/wp\/v2\/media?parent=41874"}],"wp:term":[{"taxonomy":"product_brand","embeddable":true,"href":"https:\/\/www.kalorus.com\/fr\/wp-json\/wp\/v2\/product_brand?post=41874"},{"taxonomy":"product_cat","embeddable":true,"href":"https:\/\/www.kalorus.com\/fr\/wp-json\/wp\/v2\/product_cat?post=41874"},{"taxonomy":"product_tag","embeddable":true,"href":"https:\/\/www.kalorus.com\/fr\/wp-json\/wp\/v2\/product_tag?post=41874"}],"curies":[{"name":"wp","href":"https:\/\/api.w.org\/{rel}","templated":true}]}}

Insert à bois avec four IT-180-H 13,5 kW &#8211; FM Calefacción

<p>Insert à bois avec four intégré. Intérieur en vermiculite avec verre céramique résistant à 650°. Le four est conçu pour la préparation des aliments au niveau domestique.</p>
